te the remainder when 273 is divided by 1.
0
Calculate the remainder when 669 is divided by 48.
45
Calculate the remainder when 2804 is divided by 134.
124
Calculate the remainder when 1097 is divided by 50.
47
Calculate the remainder when 1517 is divided by 215.
12
What is the remainder when 1295 is divided by 55?
30
Calculate the remainder when 659 is divided by 22.
21
What is the remainder when 101 is divided by 54?
47
Calculate the remainder when 872 is divided by 175.
172
Calculate the remainder when 249 is divided by 66.
51
What is the remainder when 231 is divided by 77?
0
Calculate the remainder when 251 is divided by 66.
53
Calculate the remainder when 24 is divided by 19.
5
Calculate the remainder when 64 is divided by 13.
12
What is the remainder when 1128 is divided by 563?
2
What is the remainder when 153 is divided by 111?
42
Calculate the remainder when 1337 is divided by 67.
64
Calculate the remainder when 115 is divided by 27.
7
Calculate the remainder when 33 is divided by 16.
1
What is the remainder when 1951 is divided by 17?
13
What is the remainder when 714 is divided by 75?
39
What is the remainder when 886 is divided by 8?
6
What is the remainder when 134 is divided by 62?
10
Calculate the remainder when 479 is divided by 25.
4
Calculate the remainder when 308 is divided by 31.
29
Calculate the remainder when 63 is divided by 32.
31
What is the remainder when 270 is divided by 39?
36
What is the remainder when 81 is divided by 54?
27
What is the remainder when 90 is divided by 50?
40
What is the remainder when 692 is divided by 27?
17
Calculate the remainder when 284 is divided by 15.
14
What is the remainder when 96 is divided by 61?
35
What is the remainder when 176 is divided by 82?
12
Calculate the remainder when 2411 is divided by 18.
17
Calculate the remainder when 573 is divided by 144.
141
Calculate the remainder when 768 is divided by 54.
12
What is the remainder when 203 is divided by 23?
19
Calculate the remainder when 122 is divided by 16.
10
What is the remainder when 384 is divided by 35?
34
What is the remainder when 895 is divided by 45?
40
Calculate the remainder when 26899 is divided by 10.
9
Calculate the remainder when 3921 is divided by 1958.
5
What is the remainder when 82 is divided by 28?
26
Calculate the remainder when 415 is divided by 51.
7
Calculate the remainder when 942 is divided by 41.
40
What is the remainder when 85 is divided by 49?
36
What is the remainder when 287 is divided by 21?
14
What is the remainder when 1251 is divided by 38?
35
What is the remainder when 934 is divided by 16?
6
Calculate the remainder when 49 is divided by 28.
21
What is the remainder when 17105 is divided by 23?
16
Calculate the remainder when 1103 is divided by 185.
178
Calculate the remainder when 226 is divided by 29.
23
Calculate the remainder when 340 is divided by 23.
18
What is the remainder when 2225 is divided by 14?
13
What is the remainder when 1920 is divided by 13?
9
What is the remainder when 482 is divided by 12?
2
Calculate the remainder when 89 is divided by 85.
4
Calculate the remainder when 2043 is divided by 73.
72
Calculate the remainder when 338 is divided by 63.
23
What is the remainder when 77054 is divided by 16?
14
What is the remainder when 1152 is divided by 76?
12
What is the remainder when 895 is divided by 30?
25
What is the remainder when 1834 is divided by 224?
42
What is the remainder when 1046 is divided by 508?
30
What is the remainder when 778 is divided by 136?
98
Calculate the remainder when 60 is divided by 38.
22
Calculate the remainder when 1384 is divided by 73.
70
What is the remainder when 197 is divided by 23?
13
What is the remainder when 220 is divided by 87?
46
What is the remainder when 113 is divided by 24?
17
Calculate the remainder when 313 is divided by 77.
5
Calculate the remainder when 928 is divided by 914.
14
Calculate the remainder when 4111 is divided by 257.
256
Calculate the remainder when 186 is divided by 42.
18
Calculate the remainder when 3135 is divided by 28.
27
Calculate the remainder when 174 is divided by 50.
24
What is the remainder when 11607 is divided by 27?
24
What is the remainder when 159 is divided by 29?
14
What is the remainder when 333 is divided by 4?
1
Calculate the remainder when 28 is divided by 10.
8
What is the remainder when 87 is divided by 50?
37
Calculate the remainder when 79 is divided by 24.
7
Calculate the remainder when 7274 is divided by 2424.
2
Calculate the remainder when 2297 is divided by 378.
29
What is the remainder when 315 is divided by 127?
61
Calculate the remainder when 371 is divided by 14.
7
Calculate the remainder when 5737 is divided by 82.
79
Calculate the remainder when 358 is divided by 342.
16
What is the remainder when 393 is divided by 128?
9
Calculate the remainder when 1707 is divided by 90.
87
What is the remainder when 674 is divided by 19?
9
What is the remainder when 719 is divided by 10?
9
What is the remainder when 163 is divided by 33?
31
What is the remainder when 1740 is divided by 21?
18
Calculate the remainder when 2215 is divided by 17.
5
What is the remainder when 150 is divided by 17?
14
Calculate the remainder when 191 is divided by 8.
7
What is the remainder when 921 is divided by 28?
25
Calculate the remainder when 277 is divided by 40.
37
What is the remainder when 41454 is divided by 13?
10
Calculate the remainder when 86 is divided by 39.
8
Calculate the remainder when 251 is divided by 12.
11
Calculate the remainder when 458 is divided by 77.
73
What is the remainder when 57 is divided by 15?
12
What is the remainder when 1572 is divided by 154?
32
What is the remainder when 9050 is divided by 21?
20
Calculate the remainder when 117 is divided by 25.
17
Calculate the remainder when 66 is divided by 54.
12
What is the remainder when 97 is divided by 4?
1
Calculate the remainder when 615 is divided by 31.
26
What is the remainder when 71 is divided by 8?
7
What is the remainder when 142 is divided by 12?
10
Calculate the remainder when 27567 is divided by 19.
17
What is the remainder when 673 is divided by 22?
13
What is the remainder when 708 is divided by 524?
184
Calculate the remainder when 1214 is divided by 7.
3
What is the remainder when 186 is divided by 12?
6
Calculate the remainder when 89 is divided by 3.
2
Calculate the remainder when 842 is divided by 216.
194
Calculate the remainder when 76608 is divided by 470.
468
What is the remainder when 259 is divided by 14?
7
What is the remainder when 889 is divided by 71?
37
What is the remainder when 830 is divided by 56?
46
What is the remainder when 360 is divided by 23?
15
Calculate the remainder when 2428 is divided by 135.
133
What is the remainder when 1164 is divided by 144?
12
What is the remainder when 161 is divided by 9?
8
Calculate the remainder when 520 is divided by 29.
27
What is the remainder when 322 is divided by 108?
106
Calculate the remainder when 4777 is divided by 209.
179
Calculate the remainder when 1187 is divided by 223.
72
What is the remainder when 182 is divided by 59?
5
What is the remainder when 5692 is divided by 1894?
10
What is the remainder when 606 is divided by 91?
60
Calculate the remainder when 73 is divided by 2.
1
What is the remainder when 2146 is divided by 711?
13
Calculate the remainder when 126 is divided by 85.
41
What is the remainder when 30528 is divided by 43?
41
Calculate the remainder when 38 is divided by 18.
2
Calculate the remainder when 182 is divided by 61.
60
Calculate the remainder when 2879 is divided by 10.
9
Calculate the remainder when 270 is divided by 134.
2
What is the remainder when 5198 is divided by 100?
98
Calculate the remainder when 310 is divided by 78.
76
What is the remainder when 410 is divided by 68?
2
Calculate the remainder when 134 is divided by 28.
22
What is the remainder when 971 is divided by 226?
67
What is the remainder when 350 is divided by 39?
38
Calculate the remainder when 229 is divided by 26.
21
What is the remainder when 8248 is divided by 37?
34
What is the remainder when 5144 is divided by 78?
74
Calculate the remainder when 296 is divided by 20.
16
What is the remainder when 968 is divided by 157?
26
What is th